l) = 964*l**2 - 5*l - 3. What is the hundreds digit of n(-1)?
9
Suppose 2*g - 6*g + 336 = 0. Suppose 6*v = -43 + 1. What is the units digit of (2/(-4))/(v/g)?
6
Let o(i) = -51*i - 26 - 50*i + 103*i. What is the units digit of o(20)?
4
Let p be (-12)/(-18)*9/(-2) + 6. Suppose 0 = 4*g - n - 63, -4*n + 1 = -p*n. What is the tens digit of g?
1
Let u be (-4)/(-8)*8 + 11. Suppose 0 = 2*f + x - 7, -2*f + 4*x - u = 3. Let y(m) = 20*m**2 - m + 1. What is the units digit of y(f)?
0
Let z = -8 + 8. Suppose c = -z*c - 5*q - 16, 4*c = -5*q - 4. Suppose c*k - 106 = 10. What is the units digit of k?
9
Suppose 73*k + 2118 = 33800. What is the tens digit of k?
3
Let c = -38 - -39. What is the units digit of c/(-3)*(-55 - -1)?
8
Suppose -7*v - 1514 = -13547. What is the hundreds digit of v?
7
Suppose 0 = 2*j - 10, -j = 3*m + 341 - 2242. What is the hundreds digit of m?
6
Suppose u + 378 + 244 = 4*m, -2*u + 616 = 4*m. What is the units digit of m?
5
Let d = -861 + 1334. What is the tens digit of d?
7
Suppose -q + 5*y - 249 = -3*q, 0 = 4*q + 2*y - 506. What is the units digit of q?
7
Suppose 3*r + 75 = -5*v, 0 = 6*v - 3*v - 9. Let x = 9 - 16. Let j = x - r. What is the tens digit of j?
2
Let m(g) = 2*g + 14. Let r be m(-7). Suppose 4*v - 3*v - 108 = r. What is the units digit of v?
8
Suppose -2*f = 5*k - 13066, -k + 797 = 3*f - 1811. What is the hundreds digit of k?
6
Let t be (-12)/9 + (-6)/9. What is the units digit of t/(-10) + 419/5?
4
Let h = 328 - 145. What is the units digit of h?
3
What is the units digit of 8368/96 + (-10)/(-12)?
8
Let l be ((-3)/(-5) - 1)/((-2)/860). Suppose 381 = 5*d + 4*n + 117, l = 3*d - n. What is the units digit of d?
6
Let g(w) be the second derivative of -w**2 - 4*w**2 + 8*w**3 + 5*w + 7*w**2. What is the tens digit of g(1)?
5
Let n be (2 - (-2 - -1))*1. Suppose 0 = z + n*z + 12. What is the tens digit of (z + -3 + 3)*-7?
2
Suppose -4*c + 1195 - 163 = 0. What is the units digit of c?
8
Let a be (-6)/(18/5 + -4). Suppose 2*m + 8 = 0, 8 = 3*d - 2*m - a. Suppose -u + 55 = 4*u - d*l, 5*l + 1 = -u. What is the units digit of u?
9
Let f be (6/4 - -1)*(-16)/(-20). Suppose -356 = -f*z - 2*z + 4*w, -w = 3*z - 279. What is the units digit of z?
2
Let q(v) = v**2 + 4 + 19 - 5 - 11 + 6*v. What is the tens digit of q(-8)?
2
Suppose -w + 705 = 4*k, 2*k = -4*w + w + 2165. What is the units digit of w?
5
Suppose -3*v + a = -501, v - a - 13 - 152 = 0. What is the hundreds digit of v?
1
Let p be 1 + (-1 - (-3 + 1)). Let h be ((-5)/(15/12))/p. What is the tens digit of 28 + (h - (-3 + 4))?
2
Let a(m) = -142*m + 271. What is the units digit of a(-8)?
7
Suppose 2*x = 4*x + 2*a + 760, 0 = -5*a. Let q = -173 - x. What is the units digit of q?
7
Suppose 20 = -4*o - 4*t, -4*t = -3*o - 2*o - 70. Let u(r) = -r**3 - 11*r**2 - 11*r + 3. Let x be u(o). Suppose -v = 5 - x. What is the units digit of v?
8
Let m = 106 - 108. What is the units digit of (1 - -7)/m - (-91 + 0)?
7
Suppose -p - 2305 = -k, 3*k = -0*k + p + 6913. What is the tens digit of k?
0
Suppose 4*b + 3*b - 483 = 0. Let f = 143 - b. What is the units digit of f?
4
Suppose 2*l = -4*v + 606, -2*v + 0*l = 2*l - 298. What is the units digit of v?
4
Let u = 0 + 4. Suppose 0 = u*f - 5*q - 271, f - 2*q - 63 - 7 = 0. Suppose f = 4*h - 0*h. What is the tens digit of h?
1
What is the tens digit of 5 + ((-75)/2)/(1/(-4))?
5
Suppose -2*g = 5*a + 85, a + 5*g = -2*a - 70. Let r = 7 + a. What is the units digit of 18/4*r/(-3)?
2
Let c be (0/(-3)*-1)/(-2). Let j(u) = u**3 - 2*u**2 + 199. What is the tens digit of j(c)?
9
Let h(i) = -i**3 + 2*i**2 + 13*i + 12. Let n(p) = 3*p**3 - 6*p**2 - 40*p - 37. Let z(w) = -7*h(w) - 2*n(w). What is the units digit of z(5)?
0
Let v = -1192 + 1884. What is the hundreds digit of v?
6
Let x(t) = t**2 + 15. Let k(h) = -12*h**3 - h**2 + h. Let a be k(1). What is the tens digit of x(a)?
5
Suppose -33706 = -44*w + 14254. What is the thousands digit of w?
1
Let n(g) = 6*g**2 - 4*g + 3 + 13*g - g**2. What is the hundreds digit of n(4)?
1
Let q be (3 - 10/3)*0. Suppose 2*i + m + 2 = q, 6 + 2 = -2*m. What is the units digit of i/2 - 171/(-18)?
0
Suppose 5*y - 6*k = -5*k + 1165, -4*y + 932 = 3*k. What is the units digit of y?
3
Suppose -3*x = -5*f - 4919, -31*x = -28*x - 4*f - 4924. What is the units digit of x?
8
What is the thousands digit of 0 - 4991/(-3) - 72/(-54)?
1
Let z(s) = s**3 - 6*s**2 + 4*s + 7. Let y be z(5). Suppose -183 = -r + y*r. What is the units digit of r*(-5 + 1)/12?
1
Suppose -5*t = -5*u - 2085, 16*t - 12*t - 3*u - 1665 = 0. What is the units digit of t?
4
What is the thousands digit of 42/(-3)*(437 - 3)/(-1)?
6
Let x = 24 - 18. Suppose -2*v + x*v = 128. What is the units digit of v?
2
Suppose 10*p = -22*p + 21248. What is the hundreds digit of p?
6
Let x = 31 + 11. Suppose 11*h - 5*h - x = 0. What is the units digit of h?
7
Let h be 30*(-3 - (4 - 4)). Let o = 158 + h. What is the units digit of o?
8
Let p(f) = 8*f + 4. Let k(w) = -9*w - 4. Let g(h) = -5*k(h) - 6*p(h). What is the units digit of g(-5)?
1
Suppose -3*b - m + 1247 = 0, 7*b + 4*m + 808 = 9*b. Suppose -62*f = -59*f - b. What is the tens digit of f?
3
Suppose -3*c - c - 2*i = -886, -2*c = 2*i - 448. What is the hundreds digit of c?
2
Let s = -7 - -168. What is the tens digit of s?
6
What is the tens digit of -3*(-8)/((-48)/(-1414))?
0
Suppose -4*o - b + 6803 = 0, -9*o + 4*o + 3*b + 8525 = 0. What is the hundreds digit of o?
7
What is the units digit of 4/30 + ((-135580)/(-150) - 13)?
1
Let u(v) = -v**3 + 25*v**2 - 47*v + 53. What is the tens digit of u(23)?
3
Let i = -986 - -1495. What is the hundreds digit of i?
5
Suppose 0*y = 8*y. Let c(p) = -p**2 + 83. What is the tens digit of c(y)?
8
Let i(h) = 23*h - 14*h - 11 - 16*h + h**2. Let t be i(8). What is the units digit of 21/(-14)*4/t?
2
Let p = 3884 + -2142. What is the units digit of p?
2
Suppose 57568 = 181*g - 153*g. What is the hundreds digit of g?
0
Let o(t) = t**2 + 5*t - 18. Let d be o(-12). Suppose -525 = -5*l - 5*n, 2*n + d = -3*l + 385. What is the hundreds digit of l?
1
Suppose 4*k = 2*u + 20, -7*u - 3*k + 15 = -2*u. What is the units digit of -1 + (-1 - u)*-31?
0
Suppose 5*j - 15 = 0, -2*l - 18 = 4*j - 0. Let a(n) = n**3 + 16*n**2 + 10*n + 13. What is the tens digit of a(l)?
8
What is the units digit of -5 - (-1 - -6651)/(-7)?
5
Suppose -12*t + 3259 + 2057 = 0. What is the hundreds digit of t?
4
What is the hundreds digit of (3 - 11)/(-8)*309?
3
Suppose 0 = -12*n + 19358 + 18934. What is the thousands digit of n?
3
Let o(r) = -3*r**3 + 2*r. Let b be o(2). Let m = -20 - b. Suppose -2*x + 30 = -m*x. What is the tens digit of x?
1
Let v(a) be the second derivative of 247*a**3/6 + 3*a**2/2 - 2*a - 12. What is the units digit of v(1)?
0
Let i(s) = s**2 - 10*s + 25. Let r be i(6). Suppose 3*a - 2 - r = 0, -2*c + 59 = 3*a. What is the units digit of c?
8
Let q be (-34)/17*(-2)/(4/361). Suppose -w - 114 = -q. What is the tens digit of w?
4
Let p(b) = -b + 7. Let r be p(7). Suppose r*i = -t + i, t = -4*i. Suppose -9*y + 6*y + 132 = t. What is the tens digit of y?
4
Let k = 279 + -274. What is the units digit of k?
5
Let q = 4193 + -2833. What is the thousands digit of q?
1
Let l(o) = o**2 + 8*o + 2. Let u be l(-7). Let z be 2/(8/(-3 + -1)). What is the tens digit of (-4 - u)*(42 + z)?
4
Let b be (-4)/2 + 11 + 180. Let z = 365 - b. Suppose -7*k + 3*k = -z. What is the units digit of k?
4
Let b = -725 - -820. What is the tens digit of b?
9
Let w(i) = -2*i**3 - 8*i**2 - 10*i + 43. What is the hundreds digit of w(-8)?
6
Suppose -l + 133 = 2*j, 5*j - 57 = -l + 67. What is the hundreds digit of l?
1
Let t = 4 - 21. Let i = t - -18. Suppose 40 = 2*p + 5*f, -f - 1 = i. What is the units digit of p?
5
What is the hundreds digit of (1002/(-15))/((-18)/90)?
3
Let h(z) be the first derivative of z**3/3 + 3*z**2/2 + 10*z - 22. Suppose 10 + 11 = -3*j. What is the tens digit of h(j)?
3
Suppose -2*h = -11 - 29. Let z be (2/5)/(4/h). Suppose 48 = z*y + y. What is the tens digit of y?
1
Suppose -2*v - 2*c + 32 = 0, 0*c = 3*v + 4*c - 50. Let h = 3 - 13. Let i = v + h. What is the units digit of i?
4
Let v(x) = 13*x**2 + 20*x - 5*x**2 - 5*x + 24. What is the tens digit of v(-4)?
9
Let l(m) = -419*m - 217. What is the units digit of l(-4)?
9
Let v be (-14)/(-7) - 12/